e -14*z + 53 - 81 = 0. Let f be z + (-4900)/(-380) + (-2)/(-19). What is the highest common divisor of 1067 and f?
11
Let l(k) = 16*k**2 - 29*k - 58. Let r be l(25). Calculate the highest common divisor of 13 and r.
13
Let a be (300/8)/(75/250). Suppose 2*f + 2 = 0, 4*l - 4*f = 105 + 67. Suppose r - l = 8. What is the greatest common divisor of r and a?
25
Let l be 5 + (-1 + 0 - 8/8). Let p be ((l/1)/3)/((-2)/(-38)). Suppose 5*b + 25 = 880. Calculate the greatest common divisor of b and p.
19
Let u be (2 - 3)*(-2 - (-1 - -53)). Suppose 0 = 3*p + 5*v - u, 5*p + 2*v - 51 = 39. What is the greatest common factor of p and 81?
9
Suppose -29*q - 211 = -30*q + 2*h, -4*q + 823 = -h. What is the highest common factor of q and 25?
5
Suppose -62*s + 56*s = 84. Let x be 2/(-7) + (-8 - 256/s). Calculate the highest common factor of 15 and x.
5
Let d be (2/2)/(5/((-9125)/5)). Let f = d - -453. What is the greatest common divisor of 396 and f?
44
Let x(j) = -18*j**3 + 2*j**2 + 2 + 6*j + 7*j**3 + 2*j**2 + 3. Let s be x(-3). Suppose 10*p = 2*p + s. What is the highest common divisor of p and 100?
20
Let w = 3968 - 3959. Calculate the highest common factor of 4869 and w.
9
Suppose -2053*k + q = -2048*k - 434, -k + 2*q + 85 = 0. Calculate the greatest common divisor of 1189 and k.
29
Suppose -7*p = -4*p - 42. Let g(z) = -2*z - 6. Let m be g(-4). Calculate the greatest common divisor of p and m.
2
Let i be 8 + (0 + -8)/(82 - 80). Calculate the highest common divisor of i and 11852.
4
Let q(b) = -2*b**2 + 20*b - 14. Suppose 14 = -10*w + 84. Let o be q(w). What is the greatest common divisor of o and 8?
4
Let b(w) = -15*w + 2. Let p be b(-1). Let t be (-30208)/(-136) + (-2)/p. Let h = -22 + t. What is the greatest common divisor of 25 and h?
25
Suppose -25*x = -19*x - 24. Suppose -5*q + 30*l + 902 = 34*l, 3*q - 554 = x*l. Calculate the highest common divisor of 52 and q.
26
Suppose 0 = -18*a - 49 + 10669. Suppose 9 = 2*z + 3. Suppose -6*l + 580 = -l - z*n, n + a = 5*l. Calculate the greatest common divisor of l and 17.
17
Let g be ((-24)/(-15))/((-6)/(-30)). Let f(a) = a**3 - 6*a**2 - 4*a + 9. Let j be f(g). Suppose 3*t - j = 2*t. Calculate the greatest common factor of t and 15.
15
Let v be (-21)/(-42) - (-3259)/4*2. Calculate the highest common divisor of 90 and v.
10
Let w(y) = -y**2 + 11*y - 4. Let a be w(8). Suppose a*g - 1402 = 398. Let d be (-2)/(-4) - 71/(-2). What is the greatest common factor of g and d?
18
Let g be (-2)/(-3)*((-13500)/(-32))/(-15)*-4. Calculate the highest common divisor of g and 255.
15
Let l be 1515/9 - 6/18. Let c = 182 - l. What is the greatest common factor of c and 10?
2
Let a be 16/6*(-4)/((-40)/585). Suppose -44*l + 48*l - a = 0. What is the greatest common factor of 247 and l?
13
Suppose 41*c - 29*c = 7896. Suppose 31*i - c - 365 = 0. Suppose 8 + 7 = 5*n. Calculate the highest common divisor of n and i.
3
Suppose 6*y - 8*y + 12 = 0, -y = 3*s - 726. What is the highest common factor of s and 2960?
80
Let s(l) = -l**3 + 18*l**2 + 21*l - 11. Let w be s(19). Let g = w - 13. Let y be 35/((g/(-4))/(-7)). What is the highest common divisor of y and 10?
10
Let l be 6695/(-9 - -4) - 4. Let n = -329 - l. Let t be n/21 + (-2)/7. What is the highest common divisor of t and 12?
12
Let q be ((-15747)/(-1629))/((-2)/(-6)). Calculate the greatest common factor of 19 and q.
1
Let s(c) = c**2 - 3*c - 4. Let a be s(-4). Suppose -5*m - i = -6*i, -5*i + a = m. What is the greatest common divisor of m and 1?
1
Let g = -322 - -517. Suppose 22 + g = o. Suppose -4*t - x + 121 = 0, t + 2*x = -3*t + 118. What is the highest common factor of t and o?
31
Suppose 0 = 7*r + 2913 - 589. Let a = r + 354. Calculate the greatest common divisor of a and 99.
11
Let l be (-1)/(-3*(-3)/(-27)) - -1102. Calculate the greatest common factor of l and 130.
65
Let d(g) = -1250*g**2. Let p be d(1). Let m be p/(-20) - 1/(-2). Let s = -39 + m. What is the greatest common factor of s and 216?
24
Suppose 2*j + 338 = 3*v, j = -2*v + 6*j + 229. Let m(u) = -23*u - 39. Let w be m(-2). What is the greatest common divisor of v and w?
7
Let l be 56/7 + -3 - 3. Suppose -5*a + 788 = -4*m - 1188, 794 = 2*a + l*m. Let b be (-364)/(-10) - 4/10. Calculate the greatest common factor of b and a.
36
Suppose 3*k = -7*i + 73, -116*i = -112*i + 2*k - 44. Let h = -9 + 16. Calculate the highest common divisor of h and i.
7
Let z(d) = -d**2 + 4*d + 6. Let o = -136 + 114. Let y = 25 + o. Let f be z(y). What is the highest common factor of f and 1?
1
Suppose -4*f = 5*f + 11*f - 65040. Calculate the highest common divisor of f and 12.
12
Let q be (18/(-4))/((-408)/7616). What is the highest common factor of q and 7784?
28
Let v(d) = -d**2 - 14*d + 2079. Let t be v(39). What is the greatest common divisor of 2202 and t?
6
Let t(g) = 9*g - 78. Let v be 171/228 - (-45)/4. Let m be t(v). Calculate the highest common divisor of 20 and m.
10
Suppose 33 = 5*j - 3*t, 2*j - 1 + 3 = 5*t. Let m be (209 - 108) + 5/((-15)/24). Calculate the highest common divisor of j and m.
3
Suppose 28*d = 37*d + 297. Let w = 60 - d. Let j = w - 43. Calculate the highest common divisor of 30 and j.
10
Suppose 4*v - 5*i - 1580 = 0, -4*v = -248*i + 251*i - 1612. What is the highest common divisor of v and 90?
10
Let a = 17889 + -16556. What is the greatest common divisor of a and 172?
43
Suppose 3*o = -2*b - 105 + 282, 0 = 5*o + 3*b - 294. Suppose -4*u - c + 0*c = -232, u + 3*c = 69. Calculate the highest common divisor of u and o.
57
Suppose 92*r - 73*r = -10773. Let s be (-178)/(-9) + (-9)/(r/14). What is the greatest common divisor of 640 and s?
20
Suppose 4*r - 16 = 0, -421*r + 426*r = 2*p - 10038. What is the greatest common divisor of p and 235?
47
Let t = -422 - -713. Let k = t + -253. Calculate the highest common divisor of 6 and k.
2
Let q(t) = 51*t**2 - 10*t - 63. Let x be q(-9). What is the greatest common factor of 1008 and x?
126
Suppose 0 = 30*t - 52*t + 1782. Calculate the highest common factor of 864 and t.
27
Suppose -242 = 5*m - 2*c, -4*c + 7 = 2*m + 123. Let u = m + 72. Suppose 9 = 8*z - 79. Calculate the highest common divisor of z and u.
11
Let b(t) = -t**2 - 62*t - 21. Let x be b(-61). What is the highest common factor of 1540 and x?
20
Let v(i) = i**3 + 11*i**2 - 13*i + 2. Let a be v(-11). Suppose 3*q = -d - 44, -2*d - a = d - 4*q. Let r = 83 + d. What is the highest common factor of r and 90?
18
Let t be 14/(-56)*(19 + 1). Let l(w) = -36*w + 116. Let x be l(t). Calculate the greatest common factor of 37 and x.
37
Suppose -2*d + 3264 = 4*x, -2*x + 2*d + 1632 = 4*d. Let t(h) = 273*h + 1686. Let v be t(-6). Calculate the greatest common factor of v and x.
48
Let u be (-2)/(-8) - (-6825)/28. Let h = 343 - u. Suppose -4*s + 69 = -5*p, -32 = -s + 3*p - 6. Calculate the highest common factor of s and h.
11
Let a = -5 + 10. Suppose -a*l - 1 + 6 = 0. Suppose -d - 4 = 0, -r + 18 = -d - l. What is the greatest common factor of 135 and r?
15
Suppose 0 = 5*o - q - 8, 3*o + 47*q = 42*q + 16. Let t be 1/((-3)/(-3) + -2). Let c be (-5 + 9)*(t + 3). Calculate the greatest common divisor of o and c.
2
Let x be 4/(-6)*158625/(-1410). Let r be 5/(-3 - 32/(-10)). Calculate the greatest common factor of r and x.
25
Let u = 5190 - 5173. Suppose 0*g = -g + 221. Calculate the greatest common factor of g and u.
17
Let d(b) = -13*b - 3 + b**3 + 12*b**2 + 2 - 8 - 7. Let h be d(-13). Let n be 33 - 3/(12/h). Calculate the highest common divisor of n and 259.
37
Suppose 0 = 17*n - 306 + 102. Let c be (56/n)/(2/24). Calculate the highest common factor of c and 8.
8
Let v(r) = r**3 + 66*r**2 + 112*r + 226. Let f be v(-64). What is the highest common factor of f and 50?
50
Let g be (-2)/19 - (63974/(-551) + 12). Calculate the highest common divisor of 1976 and g.
104
Let m(t) = -279*t - 4938. Let s be m(-18). What is the highest common divisor of s and 150?
6
Suppose y - 37 = -4*h + 5, y - 5*h - 51 = 0. Calculate the highest common divisor of 10327 and y.
23
Let m(u) = 18*u**3 + 2*u**2 - u - 2. Let y be m(2). Let k be 535/15 + (-8)/(-6). What is the highest common divisor of k and y?
37
Let f be 1 - -5 - ((-12351)/414 - 1/6). Suppose i - 30 = 2*w, -5*i - 3*w + 186 = -w. What is the greatest common divisor of f and i?
36
Let f be (-92)/1